 = -2*x**2 + 349762*x + 3497828. Determine w(-10).
8
Let c(n) = 9*n - 237. Calculate c(-108).
-1209
Let z(k) = 731*k - 10701. What is z(20)?
3919
Let q(v) = 2*v**2 - 561*v + 5415. Calculate q(10).
5
Let d(t) = 22912*t + 11456005. Give d(-500).
5
Let j(p) = -135*p**2 + 3118*p - 24. Determine j(23).
275
Let l(n) = -n**3 + 120*n**2 - 1023*n - 8455. Give l(110).
15
Let u(z) = -753*z - 350891. Calculate u(-466).
7
Let r(a) = 7*a**3 + 136*a**2 + 658*a - 25. Calculate r(-9).
-34
Let s(r) = 2*r**3 + 138*r**2 + 204*r - 4413. Determine s(-67).
-125
Let c(j) = j**2 - 598*j + 1214. Calculate c(2).
22
Let q(l) = 1258969*l - 12589693. Calculate q(10).
-3
Let c(n) = 11*n**2 - 9229*n - 376670. Calculate c(878).
-8
Let u(f) = -40*f**2 - 8317*f + 8317. Give u(1).
-40
Let n(p) = 4*p**2 + 1063*p + 62831. Give n(-177).
-4
Let c(z) = 11*z**2 - 1046*z - 946. Calculate c(96).
14
Let r(s) = -s**3 + 257*s**2 + 1023*s + 6485. Determine r(261).
1004
Let w(z) = -926*z - 177920. What is w(-192)?
-128
Let k(t) = 9*t**2 - 661*t + 2591. What is k(4)?
91
Let u(o) = -19722*o + 374868. Determine u(19).
150
Let q(t) = -t**2 - 203977*t - 1223847. Determine q(-6).
-21
Let t(r) = 2104*r - 418743. Calculate t(199).
-47
Let g(j) = -2384*j - 33377. Give g(-14).
-1
Let q(i) = -i**3 - 96*i**2 - 1541*i - 1582. Give q(-76).
14
Let x(r) = 2*r**2 - 1326*r + 204853. Determine x(419).
381
Let t(b) = -9522*b + 57081. Calculate t(6).
-51
Let n(x) = 6445*x + 52645. Give n(-8).
1085
Let t(o) = -o**3 - 439*o**2 - 923*o - 21500. What is t(-437)?
-87
Let o(n) = -2*n**3 - 17*n**2 + 262*n + 3551. What is o(-13)?
1666
Let m(w) = -7*w**2 + 2775*w + 30113. What is m(407)?
-5
Let n(y) = -y**3 - 23*y**2 + 106*y + 160. Give n(5).
-10
Let i(b) = -3*b**3 - 13*b**2 + 89*b + 390. What is i(-5)?
-5
Let f(a) = a**2 + 51*a - 1197. Give f(-69).
45
Let f(u) = 2*u**3 - 85*u**2 + 619*u - 149. Determine f(9).
-5
Let a(d) = -695880*d + 6262926. Give a(9).
6
Let q(d) = 2*d**2 + 281*d - 1597. Calculate q(-146).
9
Let d(t) = 37457*t + 1161456. What is d(-31)?
289
Let k(i) = -i**2 + 341*i - 10904. Determine k(35).
-194
Let s(u) = -185060*u + 10733473. Give s(58).
-7
Let p(s) = -39878*s - 79730. Calculate p(-2).
26
Let o(n) = -2*n**3 - 25*n**2 + 891*n + 12459. Give o(-16).
-5
Let x(f) = -2161*f + 425717. What is x(197)?
0
Let k(o) = -4*o**2 - 17*o - 186. What is k(-15)?
-831
Let i(o) = 45*o**2 - 362*o + 912. Calculate i(13).
3811
Let d(u) = -2*u**2 - 5290*u - 68413. What is d(-13)?
19
Let d(y) = 588*y - 8497. Determine d(15).
323
Let p(i) = 4*i**3 - 3*i**2 - 665*i - 1311. Determine p(-2).
-25
Let g(y) = -3*y**2 + 27*y - 363. Give g(11).
-429
Let n(l) = 4*l**2 - 536*l + 15835. What is n(44)?
-5
Let d(k) = k**2 - 813*k - 25290. What is d(-30)?
0
Let c(m) = -m**3 + 190*m**2 - 5521*m + 21. Calculate c(36).
849
Let z(w) = 91391*w + 731119. Calculate z(-8).
-9
Let l(h) = -19*h**3 - 63*h**2 + 360*h + 1076. Calculate l(-3).
-58
Let p(j) = 2*j**3 + 45*j**2 + 77*j + 401. Calculate p(-21).
107
Let g(i) = i**3 - 357*i**2 + 1061*i + 352. Determine g(354).
-2
Let y(x) = 960541*x + 28816235. Calculate y(-30).
5
Let q(a) = -1426*a - 47111. Calculate q(-33).
-53
Let n(r) = -541*r - 16224. Determine n(-30).
6
Let s(m) = 1211*m - 303963. What is s(251)?
-2
Let p(z) = -z**2 + 64483*z - 386866. Give p(6).
-4
Let v(f) = -35*f**3 + 2494*f**2 - 7755*f + 199. Determine v(68).
-5
Let o(k) = -238*k**2 + 3697*k + 1814. Calculate o(16).
38
Let v(m) = -2584*m - 15853. Give v(-6).
-349
Let l(z) = 10*z**3 - 94*z**2 + 256*z - 2628. Give l(10).
532
Let o(x) = -3*x**3 - 117*x**2 - 322*x - 12561. Determine o(-39).
-3
Let t(j) = -j**3 - 3*j**2 + 235*j + 134. Calculate t(13).
485
Let f(b) = 14*b**2 + 1120*b - 179162. Calculate f(-160).
38
Let p(q) = -5*q**3 + 89*q**2 + 157*q - 37. Give p(-2).
45
Let k(v) = v**3 + 80*v**2 - 1322*v + 1485. What is k(13)?
16
Let l(g) = -g**3 + 50*g**2 - 284*g + 916. Calculate l(44).
36
Let t(b) = -37*b**2 + 1351*b - 3149. What is t(34)?
13
Let y(b) = -3*b**3 + 263*b**2 + 627*b + 399. Determine y(90).
129
Let j(q) = 2*q**3 - 23*q**2 - 1392*q + 15440. What is j(11)?
7
Let c(l) = -l**3 - 12*l**2 - 176*l - 456. Give c(-3).
-9
Let f(t) = 24*t**3 - 1763*t + 3530. Calculate f(2).
196
Let t(x) = 126832*x - 380340. Determine t(3).
156
Let o(a) = -129*a + 34300. Determine o(268).
-272
Let o(a) = 12*a**2 - 37711*a - 75430. Give o(-2).
40
Let n(a) = -a**3 + 1071*a**2 - 13168*a + 487137. What is n(1059)?
-3
Let p(k) = -k**3 - 10*k**2 - 121*k - 872. Calculate p(-9).
136
Let n(i) = -27*i**2 + 806*i + 136. Give n(30).
16
Let n(d) = -6088*d**3 + 10*d**2 + 25*d + 17. What is n(-1)?
6090
Let m(x) = x**3 + 45*x**2 - 868*x - 42718. Determine m(-40).
2
Let p(i) = -i**3 - 81*i**2 + 3191*i + 254894. What is p(-82)?
-44
Let y(c) = -2772*c - 2054054. What is y(-741)?
-2
Let s(o) = 55*o**3 - 2*o**2 - 48*o - 17. Calculate s(-3).
-1376
Let q(b) = -202888*b + 6695295. Calculate q(33).
-9
Let d(s) = 2*s**2 - 4*s - 409. Give d(17).
101
Let f(g) = -132846*g - 2524084. What is f(-19)?
-10
Let j(t) = -61*t - 9054. What is j(-142)?
-392
Let a(v) = 4*v**3 - 986*v**2 + 500*v - 2147. What is a(246)?
-179
Let l(b) = -34*b**3 - 543*b**2 + 29*b + 27. Give l(-16).
-181
Let q(p) = 56*p**2 - 316*p - 72. Determine q(7).
460
Let p(f) = -164*f + 31170. Calculate p(205).
-2450
Let v(i) = 8*i**3 - 999*i**2 + 879*i - 1365. What is v(124)?
-1
Let x(b) = 87*b + 12938. What is x(-158)?
-808
Let r(n) = -12696*n - 9496602. Give r(-748).
6
Let g(n) = 29*n**2 - 431*n + 4374. Calculate g(14).
4024
Let a(p) = 6024*p - 17994. Calculate a(3).
78
Let w(h) = -20*h**3 - 2*h**2 + 42*h - 77. Determine w(4).
-1221
Let s(q) = 96*q**3 - 1571*q**2 - 1048*q + 191. Give s(17).
4
Let m(n) = 519*n + 21274. Determine m(-41).
-5
Let w(u) = 8*u**2 - 2141*u - 143065. Calculate w(323).
24
Let o(c) = -2*c**3 - 26*c**2 - 65*c - 43. Determine o(-10).
7
Let b(g) = -2*g**3 - 5*g**2 - 226*g - 1889. Calculate b(-8).
623
Let m(z) = -316*z**2 - 32770*z + 32772. Give m(1).
-314
Let n(f) = 1310*f + 225390. What is n(-172)?
70
Let o(b) = -12*b**3 - 2767*b - 2766. Give o(-1).
13
Let m(u) = -u**3 + 54*u**2 + 401*u - 903. Give m(-8).
-143
Let p(q) = -1448*q + 15323. Give p(8).
3739
Let f(r) = -15527*r + 29488. What is f(2)?
-1566
Let s(a) = -30*a**3 - a**2 - 12*a - 27. What is s(-3)?
810
Let g(q) = 2150*q**2 - 6297*q - 396. Give g(3).
63
Let v(u) = 36087*u + 2670458. Give v(-74).
20
Let x(a) = 463299*a + 5096275. Give x(-11).
-14
Let o(p) = -2*p**2 - 1351*p - 162116. What is o(-156)?
-32
Let m(u) = -183245*u + 18874226. What is m(103)?
-9
Let v(w) = w**3 - 36*w**2 + 293*w - 10283. Calculate v(36).
265
Let h(p) = 11028*p - 518431. Calculate h(47).
-115
Let z(l) = -19*l**2 + 894*l - 843. Determine z(46).
77
Let y(h) = h**3 + 216*h**2 + 11443*h + 396. Calculate y(-93).
24
Let t(j) = -6*j**2 + 686*j - 10. Determine t(0).
-10
Let i(g) = g**3 - 8*g**2 - 162*g + 1151. Calculate i(13).
-110
Let d(t) = -528*t - 13038. Determine d(-23).
-894
Let m(c) = c**2 + 293*c + 25084. What is m(-143)?
3634
Let x(y) = 2*y**2 - 8558*y + 263394. What is x(31)?
18
Let w(d) = -46*d - 8970. Determine w(-150).
-2070
Let l(b) = -b**3 + 238*b**2 - 576*b - 30298. What is l(235)?
17
Let d(q) = 6852*q - 109674. Determine d(16).
-42
Let b(z) = z**2 + 1633*z - 238604. Give b(135).
76
Let x(s) = -2*s**3 - 20*s**2 - 10348*s - 93058. Calculate x(-9).
-88
Let t(q) = q**3 + 7*q**2 - 187*q - 985. Calculate t(-5).
0
Let n(h) = h**3 - 87*h**2 + 83*h + 232. Calculate n(86).
-26
Let u(y) = -21348*y + 42458. What is u(2)?
-238
Let i(d) = 7*d**3 - 164*d**2 + 478*d + 2293. What is i(7)?
4
Let h(w) = -25616*w - 1511697. Give h(-59).
-353
Let q(o) = 9*o**2 + 343*o - 1741. Determine q(4).
-225
Let d(h) = -h**3 + 187*h**2 + 9191*h - 11. Give d(0).
-11
Let a(x) = x**3 + 11*x**2 - 899*x - 6561. Give a(-7).
-72
Let l(z) = 2460*z + 15170. What is l(-6)?
410
Let j(k) = -5*k**2 + 292*k - 2424. Give j(48).
72
Let c(p) = -3007*p + 14524. Give c(5).
-511
Let q(s) = s**3 - 7*s**2 - 164*s + 14. Determine q(16).
-306
Let o(q) = -23*q**3 - 413*q**2 - 721*q - 13323. Calculate o(-18).
-21
Let l(a) = 11*a**2 - 1983*a + 44121. What is l(26)?
-1
Let v(u) = -42041*u - 210294. Determine v(-5).
-89
Let q(k) = 7*k**3 - 201*k**2 + 138*k + 56. Give q(28).
0
Let q(o) = 14*o - 1701. What is q(78)?